[INFO] cloning repository https://github.com/sam-roth/fractals
[INFO] running `Command { std: "git" "-c" "credential.helper=" "-c" "credential.helper=/workspace/cargo-home/bin/git-credential-null" "clone" "--bare" "https://github.com/sam-roth/fractals" "/workspace/cache/git-repos/https%3A%2F%2Fgithub.com%2Fsam-roth%2Ffractals", kill_on_drop: false }`
[INFO] [stderr] Cloning into bare repository '/workspace/cache/git-repos/https%3A%2F%2Fgithub.com%2Fsam-roth%2Ffractals'...
[INFO] running `Command { std: "git" "rev-parse" "HEAD", kill_on_drop: false }`
[INFO] [stdout] 7aeb018005808fb581a4fa2520a39a0429d3b393
[INFO] checking sam-roth/fractals against try#72f88fc4e9458f89516a0b8b0868f3718aec5b47 for pr-74989
[INFO] running `Command { std: "git" "clone" "/workspace/cache/git-repos/https%3A%2F%2Fgithub.com%2Fsam-roth%2Ffractals" "/workspace/builds/worker-9/source", kill_on_drop: false }`
[INFO] [stderr] Cloning into '/workspace/builds/worker-9/source'...
[INFO] [stderr] done.
[INFO] validating manifest of git repo https://github.com/sam-roth/fractals on toolchain 72f88fc4e9458f89516a0b8b0868f3718aec5b47
[INFO] running `Command { std: "/workspace/cargo-home/bin/cargo" "+72f88fc4e9458f89516a0b8b0868f3718aec5b47" "read-manifest" "--manifest-path" "Cargo.toml", kill_on_drop: false }`
[INFO] started tweaking git repo https://github.com/sam-roth/fractals
[INFO] finished tweaking git repo https://github.com/sam-roth/fractals
[INFO] tweaked toml for git repo https://github.com/sam-roth/fractals written to /workspace/builds/worker-9/source/Cargo.toml
[INFO] crate git repo https://github.com/sam-roth/fractals already has a lockfile, it will not be regenerated
[INFO] running `Command { std: "/workspace/cargo-home/bin/cargo" "+72f88fc4e9458f89516a0b8b0868f3718aec5b47" "fetch" "--locked" "--manifest-path" "Cargo.toml", kill_on_drop: false }`
[INFO] [stderr] error: the lock file /workspace/builds/worker-9/source/Cargo.lock needs to be updated but --locked was passed to prevent this
[INFO] [stderr] If you want to try to generate the lock file without accessing the network, use the --offline flag.
[INFO] the lockfile is outdated, regenerating it
[INFO] running `Command { std: "/workspace/cargo-home/bin/cargo" "+72f88fc4e9458f89516a0b8b0868f3718aec5b47" "generate-lockfile" "--manifest-path" "Cargo.toml" "-Zno-index-update", kill_on_drop: false }`
[INFO] running `Command { std: "/workspace/cargo-home/bin/cargo" "+72f88fc4e9458f89516a0b8b0868f3718aec5b47" "fetch" "--locked" "--manifest-path" "Cargo.toml", kill_on_drop: false }`
[INFO] running `Command { std: "docker" "create" "-v" "/var/lib/crater-agent-workspace/builds/worker-9/target:/opt/rustwide/target:rw,Z" "-v" "/var/lib/crater-agent-workspace/builds/worker-9/source:/opt/rustwide/workdir:ro,Z" "-v" "/var/lib/crater-agent-workspace/cargo-home:/opt/rustwide/cargo-home:ro,Z" "-v" "/var/lib/crater-agent-workspace/rustup-home:/opt/rustwide/rustup-home:ro,Z" "-e" "SOURCE_DIR=/opt/rustwide/workdir" "-e" "CARGO_TARGET_DIR=/opt/rustwide/target" "-e" "CARGO_HOME=/opt/rustwide/cargo-home" "-e" "RUSTUP_HOME=/opt/rustwide/rustup-home" "-w" "/opt/rustwide/workdir" "-m" "1610612736" "--user" "0:0" "--network" "none" "rustops/crates-build-env@sha256:d92eaeed33fa75130ca1ee6c8a01d1ffb62bac859dfdfb3450e3e5d1c0146529" "/opt/rustwide/cargo-home/bin/cargo" "+72f88fc4e9458f89516a0b8b0868f3718aec5b47" "metadata" "--no-deps" "--format-version=1", kill_on_drop: false }`
[INFO] [stderr] WARNING: Your kernel does not support swap limit capabilities or the cgroup is not mounted. Memory limited without swap.
[INFO] [stdout] 361e47b8413e8515f4ddbe3ddd36ab18507d7e7a4b442904d696ac13b5cde7a1
[INFO] running `Command { std: "docker" "start" "-a" "361e47b8413e8515f4ddbe3ddd36ab18507d7e7a4b442904d696ac13b5cde7a1", kill_on_drop: false }`
[INFO] running `Command { std: "docker" "inspect" "361e47b8413e8515f4ddbe3ddd36ab18507d7e7a4b442904d696ac13b5cde7a1", kill_on_drop: false }`
[INFO] running `Command { std: "docker" "rm" "-f" "361e47b8413e8515f4ddbe3ddd36ab18507d7e7a4b442904d696ac13b5cde7a1", kill_on_drop: false }`
[INFO] [stdout] 361e47b8413e8515f4ddbe3ddd36ab18507d7e7a4b442904d696ac13b5cde7a1
[INFO] running `Command { std: "docker" "create" "-v" "/var/lib/crater-agent-workspace/builds/worker-9/target:/opt/rustwide/target:rw,Z" "-v" "/var/lib/crater-agent-workspace/builds/worker-9/source:/opt/rustwide/workdir:ro,Z" "-v" "/var/lib/crater-agent-workspace/cargo-home:/opt/rustwide/cargo-home:ro,Z" "-v" "/var/lib/crater-agent-workspace/rustup-home:/opt/rustwide/rustup-home:ro,Z" "-e" "SOURCE_DIR=/opt/rustwide/workdir" "-e" "CARGO_TARGET_DIR=/opt/rustwide/target" "-e" "CARGO_INCREMENTAL=0" "-e" "RUST_BACKTRACE=full" "-e" "RUSTFLAGS=--cap-lints=forbid" "-e" "CARGO_HOME=/opt/rustwide/cargo-home" "-e" "RUSTUP_HOME=/opt/rustwide/rustup-home" "-w" "/opt/rustwide/workdir" "-m" "1610612736" "--user" "0:0" "--network" "none" "rustops/crates-build-env@sha256:d92eaeed33fa75130ca1ee6c8a01d1ffb62bac859dfdfb3450e3e5d1c0146529" "/opt/rustwide/cargo-home/bin/cargo" "+72f88fc4e9458f89516a0b8b0868f3718aec5b47" "check" "--frozen" "--all" "--all-targets" "--message-format=json", kill_on_drop: false }`
[INFO] [stdout] ee8e086392862df2b5907d7eefed05e08c0d1455c55592e040bccaa75c5a9df0
[INFO] [stderr] WARNING: Your kernel does not support swap limit capabilities or the cgroup is not mounted. Memory limited without swap.
[INFO] running `Command { std: "docker" "start" "-a" "ee8e086392862df2b5907d7eefed05e08c0d1455c55592e040bccaa75c5a9df0", kill_on_drop: false }`
[INFO] [stderr]     Blocking waiting for file lock on package cache
[INFO] [stderr]    Compiling xml-rs v0.8.3
[INFO] [stderr]    Compiling khronos_api v3.1.0
[INFO] [stderr]    Compiling cfg-if v0.1.10
[INFO] [stderr]    Compiling libloading v0.6.3
[INFO] [stderr]    Compiling byteorder v1.3.4
[INFO] [stderr]    Compiling nix v0.14.1
[INFO] [stderr]     Checking void v1.0.2
[INFO] [stderr]     Checking lazycell v1.3.0
[INFO] [stderr]    Compiling maybe-uninit v2.0.0
[INFO] [stderr]     Checking same-file v1.0.6
[INFO] [stderr]     Checking downcast-rs v1.2.0
[INFO] [stderr]     Checking smallvec v1.4.2
[INFO] [stderr]     Checking xdg v2.2.0
[INFO] [stderr]    Compiling cc v1.0.59
[INFO] [stderr]     Checking percent-encoding v2.1.0
[INFO] [stderr]     Checking rustc-demangle v0.1.16
[INFO] [stderr]     Checking fnv v1.0.7
[INFO] [stderr]     Checking rustc-serialize v0.3.24
[INFO] [stderr]    Compiling miniz_oxide v0.4.2
[INFO] [stderr]    Compiling memoffset v0.5.5
[INFO] [stderr]    Compiling x11-dl v2.18.5
[INFO] [stderr]     Checking lock_api v0.3.4
[INFO] [stderr]     Checking walkdir v2.3.1
[INFO] [stderr]    Compiling log v0.4.11
[INFO] [stderr]     Checking iovec v0.1.4
[INFO] [stderr]     Checking net2 v0.2.35
[INFO] [stderr]     Checking memmap v0.7.0
[INFO] [stderr]     Checking raw-window-handle v0.3.3
[INFO] [stderr]     Checking shared_library v0.1.9
[INFO] [stderr]     Checking parking_lot_core v0.7.2
[INFO] [stderr]    Compiling quote v0.6.13
[INFO] [stderr]     Checking ordered-float v1.1.0
[INFO] [stderr]     Checking approx v0.3.2
[INFO] [stderr]     Checking line_drawing v0.7.0
[INFO] [stderr]     Checking osmesa-sys v0.1.2
[INFO] [stderr]     Checking mio v0.6.22
[INFO] [stderr]     Checking parking_lot v0.10.2
[INFO] [stderr]     Checking dlib v0.4.2
[INFO] [stderr]    Compiling wayland-scanner v0.23.6
[INFO] [stderr]    Compiling gl_generator v0.14.0
[INFO] [stderr]     Checking wayland-sys v0.23.6
[INFO] [stderr]     Checking stb_truetype v0.3.1
[INFO] [stderr]    Compiling libloading v0.5.2
[INFO] [stderr]     Checking backtrace v0.3.50
[INFO] [stderr]     Checking rusttype v0.8.3
[INFO] [stderr]     Checking mio-extras v2.0.6
[INFO] [stderr]     Checking rusttype v0.7.9
[INFO] [stderr]     Checking andrew v0.2.1
[INFO] [stderr]    Compiling glutin_egl_sys v0.1.5
[INFO] [stderr]    Compiling glutin_glx_sys v0.1.7
[INFO] [stderr]    Compiling glium v0.27.0
[INFO] [stderr]    Compiling wayland-client v0.23.6
[INFO] [stderr]    Compiling wayland-protocols v0.23.6
[INFO] [stderr]     Checking wayland-commons v0.23.6
[INFO] [stderr]     Checking calloop v0.4.4
[INFO] [stderr]     Checking smithay-client-toolkit v0.6.6
[INFO] [stderr]     Checking winit v0.22.2
[INFO] [stderr]     Checking glutin v0.24.1
[INFO] [stderr]     Checking fractal v0.1.0 (/opt/rustwide/workdir)
[INFO] [stdout] error[E0432]: unresolved import `glium::DisplayBuild`
[INFO] [stdout]   --> src/main.rs:87:9
[INFO] [stdout]    |
[INFO] [stdout] 87 |     use glium::DisplayBuild;
[INFO] [stdout]    |         ^^^^^^^^^^^^^^^^^^^ no `DisplayBuild` in the root
[INFO] [stdout] 
[INFO] [stdout] 
[INFO] [stdout] error[E0432]: unresolved import `glium::glutin::Event`
[INFO] [stdout]    --> src/main.rs:135:13
[INFO] [stdout]     |
[INFO] [stdout] 135 |         use glium::glutin::Event;
[INFO] [stdout]     |             ^^^^^^^^^^^^^^^-----
[INFO] [stdout]     |             |              |
[INFO] [stdout]     |             |              help: a similar name exists in the module: `event`
[INFO] [stdout]     |             no `Event` in `glutin`
[INFO] [stdout] 
[INFO] [stdout] 
[INFO] [stdout] error[E0433]: failed to resolve: could not find `WindowBuilder` in `glutin`
[INFO] [stdout]   --> src/main.rs:89:34
[INFO] [stdout]    |
[INFO] [stdout] 89 |     let display = glium::glutin::WindowBuilder::new()
[INFO] [stdout]    |                                  ^^^^^^^^^^^^^ not found in `glium::glutin`
[INFO] [stdout]    |
[INFO] [stdout] help: consider importing this struct
[INFO] [stdout]    |
[INFO] [stdout] 7  | use glium::glutin::window::WindowBuilder;
[INFO] [stdout]    |
[INFO] [stdout] 
[INFO] [stdout] 
[INFO] [stdout] warning: use of deprecated macro `try`: use the `?` operator instead
[INFO] [stdout]   --> src/lsystem_reader.rs:54:29
[INFO] [stdout]    |
[INFO] [stdout] 54 |     let strs: LSystemStrs = try!(json::decode(source));
[INFO] [stdout]    |                             ^^^
[INFO] [stdout]    |
[INFO] [stdout]    = note: `#[warn(deprecated)]` on by default
[INFO] [stdout] 
[INFO] [stdout] 
[INFO] [stdout] error[E0432]: unresolved import `glium::DisplayBuild`
[INFO] [stdout]   --> src/main.rs:87:9
[INFO] [stdout]    |
[INFO] [stdout] 87 |     use glium::DisplayBuild;
[INFO] [stdout]    |         ^^^^^^^^^^^^^^^^^^^ no `DisplayBuild` in the root
[INFO] [stdout] 
[INFO] [stdout] 
[INFO] [stdout] error[E0432]: unresolved import `glium::glutin::Event`
[INFO] [stdout]    --> src/main.rs:135:13
[INFO] [stdout]     |
[INFO] [stdout] 135 |         use glium::glutin::Event;
[INFO] [stdout]     |             ^^^^^^^^^^^^^^^-----
[INFO] [stdout]     |             |              |
[INFO] [stdout]     |             |              help: a similar name exists in the module: `event`
[INFO] [stdout]     |             no `Event` in `glutin`
[INFO] [stdout] 
[INFO] [stdout] 
[INFO] [stdout] error[E0433]: failed to resolve: could not find `WindowBuilder` in `glutin`
[INFO] [stdout]   --> src/main.rs:89:34
[INFO] [stdout]    |
[INFO] [stdout] 89 |     let display = glium::glutin::WindowBuilder::new()
[INFO] [stdout]    |                                  ^^^^^^^^^^^^^ not found in `glium::glutin`
[INFO] [stdout]    |
[INFO] [stdout] help: consider importing this struct
[INFO] [stdout]    |
[INFO] [stdout] 7  | use glium::glutin::window::WindowBuilder;
[INFO] [stdout]    |
[INFO] [stdout] 
[INFO] [stdout] 
[INFO] [stdout] warning: unused import: `glium::Surface`
[INFO] [stdout]    --> src/main.rs:134:13
[INFO] [stdout]     |
[INFO] [stdout] 134 |         use glium::Surface;
[INFO] [stdout]     |             ^^^^^^^^^^^^^^
[INFO] [stdout]     |
[INFO] [stdout]     = note: `#[warn(unused_imports)]` on by default
[INFO] [stdout] 
[INFO] [stdout] 
[INFO] [stderr] error: could not compile `fractal`.
[INFO] [stdout] error: aborting due to 3 previous errors; 2 warnings emitted
[INFO] [stdout] 
[INFO] [stdout] 
[INFO] [stderr] 
[INFO] [stdout] Some errors have detailed explanations: E0432, E0433.
[INFO] [stdout] 
[INFO] [stderr] To learn more, run the command again with --verbose.
[INFO] [stdout] For more information about an error, try `rustc --explain E0432`.
[INFO] [stdout] 
[INFO] [stderr] warning: build failed, waiting for other jobs to finish...
[INFO] [stdout] warning: use of deprecated macro `try`: use the `?` operator instead
[INFO] [stdout]   --> src/lsystem_reader.rs:54:29
[INFO] [stdout]    |
[INFO] [stdout] 54 |     let strs: LSystemStrs = try!(json::decode(source));
[INFO] [stdout]    |                             ^^^
[INFO] [stdout]    |
[INFO] [stdout]    = note: `#[warn(deprecated)]` on by default
[INFO] [stdout] 
[INFO] [stdout] 
[INFO] [stdout] warning: unused import: `glium::Surface`
[INFO] [stdout]    --> src/main.rs:134:13
[INFO] [stdout]     |
[INFO] [stdout] 134 |         use glium::Surface;
[INFO] [stdout]     |             ^^^^^^^^^^^^^^
[INFO] [stdout]     |
[INFO] [stdout]     = note: `#[warn(unused_imports)]` on by default
[INFO] [stdout] 
[INFO] [stdout] 
[INFO] [stdout] error: aborting due to 3 previous errors; 2 warnings emitted
[INFO] [stdout] 
[INFO] [stdout] 
[INFO] [stdout] Some errors have detailed explanations: E0432, E0433.
[INFO] [stdout] 
[INFO] [stdout] For more information about an error, try `rustc --explain E0432`.
[INFO] [stdout] 
[INFO] [stderr] error: build failed
[INFO] running `Command { std: "docker" "inspect" "ee8e086392862df2b5907d7eefed05e08c0d1455c55592e040bccaa75c5a9df0", kill_on_drop: false }`
[INFO] running `Command { std: "docker" "rm" "-f" "ee8e086392862df2b5907d7eefed05e08c0d1455c55592e040bccaa75c5a9df0", kill_on_drop: false }`
[INFO] [stdout] ee8e086392862df2b5907d7eefed05e08c0d1455c55592e040bccaa75c5a9df0
